7 - ((4 - (7 - -6)) + 2))) + -5.
-58
Calculate (-28 - 5) + (206 - 140).
33
Calculate (1212 - 1113) + (3 - (31 + -3)).
74
Calculate -31 + 140 + -122 - (-80 + 3).
64
Evaluate -52 + (18 - -31) - (-65 + 0 + -2).
64
What is the value of 8059 - 7974 - (2 - -72)?
11
Evaluate (-54 + -32 - -73) + (0 - -5).
-8
Evaluate 2 + 33 - ((-8 - 8) + (73 - 60) + -3).
41
6 - (-66 + 33 + -4)
43
Evaluate (-81 - -1) + 41 + -64 + 26.
-77
What is the value of (-7 - 50) + 27 + 0 + 5 + -23 + 4?
-44
(5 - (21 + (18 - 36))) + (0 - 2) - -17
17
What is -19 + -3 + 25 + (24 - 29) + -57 + -1?
-60
Evaluate 1 + 66 - (641 + -609) - 79.
-44
What is the value of 60 + 4 + -29 + -75 + -15?
-55
Calculate 25 + (-42 - (11 + -44 + 21)).
-5
What is -5 - -14 - (7 + 5 - (-9 - 3))?
-15
What is 46 + (38 - 96 - 5)?
-17
(-30 - (-72 - -22) - -52) + -9
63
What is 27 + -23 - (-348 - -485)?
-133
12 - 13 - (97 - (-28 - -29 - -5))
-92
What is 9 - 20 - (78 + -2 - (9 + -3))?
-81
What is -4 + -127 + 508 + -340?
37
What is -37 + (11 - (-9 + 22)) + -16 + 7?
-48
Evaluate 1 - (89 + -27 - (10 + 8 + -9)).
-52
Evaluate -36 + (6 - 23 - -5) + -10.
-58
42 + -17 - 20 - -2 - ((3 - 5) + -76)
85
-14 + 1 - (-362 + 390 - (0 + 6))
-35
Calculate (-14 + (18 - -4) - 4 - (-4 + 0)) + 49.
57
30 - (56 - (12 + 15))
1
Calculate 29 + 25 + (15 - 28) + (-16 - 4).
21
What is the value of -22 + 20 + 4 + -12 + 16?
6
What is 52 - -4 - (-86 + 133)?
9
21 + 15 + -20 + 6 + -16 - (-1 - 80)
87
What is the value of -15 + 29 - (87 - 27)?
-46
What is the value of 22 + (52 - 5 - 43 - (6 + 0))?
20
12 - (-11 - (12 - (-7 - -25)))
17
What is 0 + -15 - (-60 + (26 - -17))?
2
What is the value of -19 - (26 + (-28 - -34 - 6))?
-45
Calculate -37 + (107 - -21) - 140.
-49
Evaluate -5 + -38 - (-68 + 75 + -126).
76
What is 1 + (-1 - 1) + -6 + (-67 + -18 - -27)?
-65
Evaluate -6 - ((1 - -48) + (0 - (-15 + 13 - 9))).
-66
Evaluate -5 + 11 + -2 + (-8 + 5 - 5) - -49.
45
What is (-7 - ((-5 - 9) + 15)) + (-17 - (-3 - -10))?
-32
Evaluate -98 + (51 - -109) + -15.
47
Calculate -9 + 62 + (-18 - -18) + (1 - (8 - 1)).
47
What is the value of -53 - ((-18 - (-18 - 27)) + -42)?
-38
Calculate -18 + (0 - (-2 + -3 - (-3 + 9) - -20)).
-27
Calculate 7 + -19 + 11 - 6 - -14 - (-2 - 47).
56
Calculate 48 - 1 - -5 - ((-52 - -101) + -38).
41
Evaluate 31 - (-65 + 223 + -53).
-74
0 + -41 + (-21 - (33 - 36) - -22)
-37
What is -5 + -23 + 12 + 11?
-5
Calculate -2 + 3 + (-12 + 15 - -10).
14
Evaluate 0 + 9 - (6 + -33 - (-2 - 84)).
-50
(-1 - 100) + (-5915 - -6006)
-10
11 + (-4 - (-34 + (19 - -22) + -86 + -1))
87
What is the value of 17 - (-27 + 23) - 92 - (22 + -2)?
-91
Calculate (-115 - -99) + (1 + -3 + 1 + 1 - 16).
-32
What is 43 + 53 + -117 - (-46 + 0)?
25
(-161 + -32 + 53 - -11) + 11
-118
Calculate -89 + 99 + -46 - -54.
18
38 + (85 - 80) - -18
61
What is the value of -21 - (-2 + (44 - 97))?
34
Calculate -2 - -1 - (0 + -36 - (-536 - -512)).
11
Calculate -1 + 731 + -721 + (10 - 0) + -73.
-54
-6 - 3 - (-1 - ((7 - 21) + 18)) - 5
-9
Evaluate 28 + (-72 - (68 + -81)).
-31
-163 - -116 - (3 + -19)
-31
What is the value of -53 - (-17 - (78 + -17))?
25
104 - ((258 - 46) + -9)
-99
Evaluate 3 - (35 - (23 - 18)).
-27
What is the value of (-23 - (5 + (-17 - 8))) + 35 + 2?
34
Evaluate (4 - -10) + (-8 - (-44 + -5)).
55
Evaluate -58 + (-37 + 32 - -22).
-41
What is (12 - (-14 + 3 + (12 - -7))) + -9?
-5
(81 - -39 - 103) + -110
-93
(4 - -18) + (-71 - -70) + 17
38
(-9 - (-6 - -5 - -5)) + -31 + 22
-22
What is the value of -4 + -17 - (2 - 67)?
44
What is 11 + -834 + 828 + 57 + -2 + -2 + 1?
59
Evaluate (10 - (3 + (25 - 26))) + -18.
-10
What is -8 - (98 + -72 + -13 - (-1 + (-43 - -1)))?
-64
What is -52 - (0 + -45 - ((31 - -60) + -115))?
-31
What is 1 + (1 - -2) - (-78 + 52 + 72)?
-42
What is (46 - 74) + -4 + 90?
58
Calculate (-15 - -148 - -20) + (16 - (19 - 6)).
156
What is the value of (-60 - -126 - 45) + (1 - -16)?
38
Evaluate 38 + 0 - (-10 - (-54 - -25) - 21) - -10.
50
What is (2 - -1) + -686 + 620 + (2 - -23)?
-38
8 + -23 + -38 - -27
-26
What is (-207 + 234 - (2 - -23)) + 45?
47
Calculate (-42 - (-2 + 12 - 42)) + (1 - -49).
40
Calculate (33 - (41 - 29)) + -98.
-77
What is the value of -7 + 10 + -105 + 87 + 121?
106
19 + -1 + 12 + (18 - 22 - 33)
-7
Calculate -87 + (253 + -90 - 119).
-43
What is 26 + (-31 - (-26 + -27))?
48
What is 16 + 20 - (-6 + (9 - (6 + 0)))?
39
7 + (-11 + -8 + 1 + 16 + -7 - 59)
-61
Calculate (-19 + 10 + 44 - 33) + -1 + 53.
54
-1685 - -1679 - (0 - 6)
0
(0 - -2) + 28 - (9 - 100 - -95)
26
15 - (-5 + 3 + 5) - (-184 - -208)
-12
What is the value of -17 + -49 + (65 - 18)?
-19
Evaluate (-10 - (-27 - -9 - -4)) + 5 - (0 - -134).
-125
What is the value of -54 + (11 - -15) + -4 + -3 + -26?
-61
What is 90 + 117 + -59 - 221?
-73
10 + (39 + (-6 - 21) - 26)
-4
Evaluate 12 + -20 + 16 - 26 - (5 + (-9 - -17)).
-31
Calculate -1 - ((6 - (12 - 15)) + -3) - -13.
6
Evaluate (4 - -44) + 37 + -40.
45
Calculate 30 + -16 + 13 - (0 + 13) - 10.
4
What is 342 + -408 - (94 + -20)?
-140
What is -16 + 16 + 3 + -10 + -13 - -12?
-8
1 + -2 - (1201 + -1239)
37
What is the value of -29 + (16 - -18) + 0 + -4 + 8?
9
-2 - -20 - (-40 + 80 + -16)
-6
What is the value of (6 + -5 - -7) + -6 + -8 + 12?
6
What is the value of 36 + -23 + (14 - 10) - 17?
0
Calculate 23 - ((10 - 4) + 47 + -26).
-4
12 + 11 + (126 - 88)
61
21 + 129 + -119 - -85
116
Calculate -82 + (208 - 96) + 3.
33
Evaluate -9 - (32 + (-6 - (-15 + (-1 - -18)))).
-33
What is 45 + -9 + -64 - (0 - -2 - 13)?
-17
What is the value of 39 - (-1992 - -1997 - (-1 - -2 - 4))?
31
What is the value of 40 + (24 - 22) + (-5 + -1 - -1)?
37
60 - (6 - (50 + -24)) - -9 - (13 + -1)
77
What is the value of 74 - (15 - (2 + -18 - -48 - 11))?
80
Evaluate -94 + (-83 - (-249 + 51)).
21
29 + (11 - 53) - (-4 + 19 + -1)
-27
Calculate (15 - 11) + -2 + -10 + -3 - 23.
-34
57 - (-69 + 100) - -32
58
What is the value of 2991 + -3098 + 53 + -2?
-56
What is the value of 26 + -18 + (1 - 72 - (239 - 248))?
-54
Calculate -45 + (-39 - -73) + (-2 - 20).
-33
What is the value of 3 - ((-4 - -2) + 9 + -1 - (22 + -16))?
3
Evaluate (-1388 - -1388) + -18 + 0 - (0 + -52).
34
What is the value of (69 - 53) + (3 + 4 - 51)?
-28
Calculate -28 + (-2 - -8) + (32 - -21).
31
Evaluate (-23 - 2) + 15 + 18 - 48.
-40
What is the value of -75 + (-30 + 34 - (-8 - (4 - 12) - -5))?
-76
What is the value of (17 - -4) + (-1229 - -1180)?
-28
Evaluate (-16 - (-7 - 5)) + -27 + -6 + 0.
-37
What is -67 - -39 - -32 - -46?
50
(-477 - -472) + 3 + (-1 - (4 + -5)) + 0
-2
(-35 - (-24 - 9)) + 79 + -23
54
What is the value of 82 - (-8 + 11 + 19) - 7?
53
What is the value of 6 + (-35 - -43) + -26 - -89?
77
625 + -670 - (0 - 63)
18
Evaluate 3166 + -3199 + 0 + 3 + 4 + -1 + 1.
-26
Evaluate (15 - (-51 - -29) - 6) + 24.
55
-16 - 4 - ((37 - 8) + -14)
-35
Evaluate -122 + -226 + 189 + (46 - 3).
-116
Evaluate 91 - (-86 + 43 + 205).
-71
What is the value of 77 + -35 + (-21 - -9)?
30
Evaluate -1 + (6 - -8) + (5 - (-29 + 0)).
47
What is -28 - (6 + -50) - 20 - (0 + 44)?
-48
Evaluate -36 - ((7 - (9 + -11)) + (12 - 10)).
-47
Evaluate -214 - -207 - ((1 - 58) + (5 - 8) + 3).
50
Calculate -76 + (-23 - (-110 - -57)).
-46
What is -110 - (23 - 2) - (1 - (22 + -2))?
-112
What is (-9 - -10) + -92 + 21 + 2 + 0?
-68
What is the value of 1070 + -1166 + (5 - (-1 - -1 - (-3 + 8)))?
-86
What is 44 + -4 - 1 - (-128 - -135)?
32
What is 5 + (24 + -26 - (-5 + -1 + 2) - 28)?
-21
43 + 2 + -11 - 19 - -10
25
What is the value of -371 + 412 - (-13 - 2 - -58)?
-2
What is -167 - (-262 + 118) - -102?
79
What is (8586 - 8486) + (-75 - 0)?
25
Calculate 43 + -1 + (-34 - -16).
24
Evaluate 95 + -1095 + 1097 + (1 - 30).
68
Calculate -5 + -2 + 5 - (2 + -10 + -43 + 42).
7
What is the value of 11 - -11 - 4 - (-12 + -14 + 15)?
29
-39 + 148 + 20 + 1
130
What is the value of -34 - 1 - (15 + -28 + 1)?
-23
Calculate (134 - (19 - (26 - 13))) + (16 - 9).
135
Evaluate (3 - (-1 - 47)) + -22 + -42.
-13
86 - (22 + 58 + -44)
50
Calculate 60 - (111 + -54) - -50.
53
Calculate -16 + 45 + (4 - 5).
28
Evaluate 21 + -47 + -132 + 53.
-105
Evaluate 3 + 6 - (-10 + 93) - -27.
-47
-1 - (7 + -1 + 1) - (30 + -26 + -24)
12
What is the value of -16 - (42 - 6 - 19 - -12)?
-45
What is -167 + -2 + 22 + 93?
-54
What is the value of -41 + 8 + (-36 - -101)?
32
(-3 - (9 + -23 + -12 + 32)) + -2
-11
What is the value of -32 - (-15 - -